 h = 4 - g. Suppose -2*m + 34 = -0*m. Calculate the remainder when m is divided by h.
8
Suppose -2*n + 6*g - 8*g = -36, 0 = 5*g + 10. What is the remainder when 158 is divided by n?
18
Suppose 4*f = 39 - 19. Let q(h) = -3*h + 0 + 4 + 5 - 7 + 2*h**2. Calculate the remainder when f is divided by q(2).
1
Let j(s) = -s**2 + 23. Let o(k) = -k**2 - 5*k - 4. Let y be o(-4). Calculate the remainder when j(y) is divided by ((-4)/(-10))/(3/60).
7
Let s = -5 + 14. Calculate the remainder when 16 is divided by s.
7
Let i(q) = 3*q**2 - 2*q + 4. Suppose -4*f = 4*w, 4*f - 4 = 3*w + 8*f. What is the remainder when i(w) is divided by 15?
14
Suppose 0 = 2*o - o - 6. Let j = -83 + 85. What is the remainder when o is divided by j?
0
Suppose -4*n = -0*q - 2*q - 166, 5*q - 101 = -2*n. What is the remainder when n is divided by 23?
20
Suppose -66 = -3*y + 3. What is the remainder when 68 is divided by y?
22
Suppose 15 = 5*d - 15. Calculate the remainder when 232/d + (-2)/(-6) is divided by 10.
9
Let a(j) = 22*j**3 - j**2. Calculate the remainder when a(1) is divided by (2 - 3/6)*8.
9
Suppose -j = 5*n - 65, 5*j - 4*n = -3*n + 299. Let v = j + -33. Calculate the remainder when v is divided by -14*(1 + 1)/(-2).
13
Suppose -81 = -2*k + k - 5*m, 0 = -2*k - 5*m + 177. Suppose 5*y + 23 - 272 = -w, -2*y - 4*w + k = 0. What is the remainder when y is divided by 13?
11
Calculate the remainder when ((-7455)/(-20))/7 - (-1)/(-4) is divided by 14.
11
Suppose 0 = -j + 4*m + 12, 3*m = 2*j + j - 27. Suppose -5*z - l + j = 25, -2*z + 4 = -5*l. What is the remainder when 7 is divided by ((-2)/z)/((-2)/(-12))?
3
Suppose 3*i + 83 = 5*y, 12 = -2*i + 5*i. Calculate the remainder when 73 is divided by y.
16
Let d = 25 + 2. What is the remainder when d is divided by 2/(((-16)/(-10))/4)?
2
Let q = -1 + 64. Calculate the remainder when q is divided by 17.
12
Suppose 0*u - 2*u = -168. Calculate the remainder when u is divided by 29.
26
Let f(l) = -l - 19. Let v be f(-9). Let w be (24/v)/(2/15). Calculate the remainder when (-14)/6*1*w is divided by 11.
9
Let r(w) = 31*w**2 - 2*w + 3. What is the remainder when 156 is divided by r(1)?
28
Let d(c) = 0 + 0 + 1 - 9*c. Let p be d(-3). Suppose -p = -4*j + 16. What is the remainder when 20 is divided by j?
9
Suppose 5*q + a + 148 = 0, -q - 3*a = -a + 26. Let d be 1/(-2) - q/4. Let j = d - 5. What is the remainder when 3 is divided by j?
1
Let p(u) = u**3 + 9*u**2 + u + 9. Calculate the remainder when p(-8) is divided by 17.
14
Let i = -7 - -65. What is the remainder when i is divided by (-34)/(-2) - (-1 - -3)?
13
Suppose 0 = 5*m - 0*m + 4*y - 126, 2*m - 3*y = 55. Suppose -2*i + 3*z + 67 = 2*i, z = -i + 22. Let v = i - 5. Calculate the remainder when m is divided by v.
12
Let b = -31 - -46. Suppose -2*k + 5*j = -7*k + 5, -5*j + 19 = -2*k. Calculate the remainder when k*(1 + 90/(-4)) is divided by b.
13
Let o(z) = 12*z**2. Let i be (1 - 2)*(-1 - 2). Suppose 93 = i*t + 24. Calculate the remainder when t is divided by o(1).
11
Let j be 2/7 - (-36)/21. Suppose -7 = -3*k - 2*u, 0 = 4*k + 2*u - u - 6. Calculate the remainder when 35 is divided by (k/j)/(2/36).
8
Let u = 4 + -1. Suppose -2*v + 8 = w, -u*w - 5*v = w - 47. Let f(y) = -y**3 - 6*y**2 - 9*y - 1. Calculate the remainder when f(-6) is divided by w.
17
Suppose 4*k + 5*q = -354, -k - 2*k - 250 = -4*q. What is the remainder when 2 - (-3)/(-6)*k is divided by 16?
13
Suppose -4*r = -t - t + 38, 5*t = 4*r + 77. Suppose p + 0*p = t. Calculate the remainder when 25 is divided by p.
12
Let l = 50 + -32. Let f be (2/(-6))/(3/(-477)). Suppose -r - 4*z + 6 = 0, 0*z - 3*z = -5*r + f. What is the remainder when l is divided by r?
8
Let r be 6*(14 + -2)/3. What is the remainder when 32 is divided by (-35)/(-3) + (-16)/r?
10
Let d(g) = 8*g + 2*g**3 - 8 - 4*g**3 + g**3 + 8*g**2. Let k be d(8). Let n = -36 + k. What is the remainder when 39 is divided by n?
19
Let p be 6/(1 + 2) - -1. Suppose 0 = -3*c + 3*d + 81, -c + p*d + 125 = 4*c. What is the remainder when c is divided by 12?
10
Let s(a) = a**3 + 6*a**2 - 3*a - 7. Let p be s(-5). Suppose -3*r + 96 = -p. Calculate the remainder when r is divided by 15.
13
Suppose 4*i - 5*v - 39 = -0*v, -5*v = -5*i + 45. Let c(d) = -d**2 + 8*d + 1. Let a = -9 + 14. What is the remainder when c(a) is divided by i?
4
Suppose -3*r + 56 + 16 = 0. Calculate the remainder when 91 is divided by r.
19
Let x = 61 - 1. Suppose 8*c = 4*c + x. Calculate the remainder when 27 is divided by c.
12
Let f(g) = -g**2 + 6*g - 2. Let o be f(6). Let q = o + 3. Suppose -d = i - 6, 5*i - q = -d - 3. Calculate the remainder when 15 is divided by d.
7
Suppose 0 = 3*m + 2*m - 225. What is the remainder when m is divided by 12?
9
Suppose 10 = -5*i - 2*r + 69, 4*i = -5*r + 37. What is the remainder when i is divided by 11?
2
Suppose 4*x - 26 = -r, -36 = -2*r + 2*x + 46. Calculate the remainder when r is divided by 10.
8
Suppose 4 = a - 0. Calculate the remainder when 23 - (-4 - a)/2 is divided by 14.
13
Suppose -v = 2*v - 42. Let r = -13 - -18. What is the remainder when v is divided by r?
4
Let s = 4 + -2. Let t be (s/3)/((-4)/12). Let h = 5 - t. Calculate the remainder when 19 is divided by h.
5
Let i be (-8)/(-2)*49/28. Suppose -5*c + 231 = i*d - 3*d, -2*c - 2 = 0. Suppose -4*o + 11 + 49 = 0. What is the remainder when d is divided by o?
14
Let h(k) = -42*k - 1. Let f be h(-1). Suppose -i + 2*i + f = 0. Let a = -11 - i. Calculate the remainder when a is divided by 16.
14
Let b be (2/6)/(2/(-6)). Let k(a) = -9*a - 1. What is the remainder when 29 is divided by k(b)?
5
Let t be 1 + (-3)/(-3) - 2. Suppose -2*l - l + 66 = t. What is the remainder when l is divided by 12?
10
Suppose 4*s = s - 18. Let t(h) = -4*h - 4. What is the remainder when 59 is divided by t(s)?
19
Suppose -2*l + 43 = 3*b, -3*l + 25 = 2*l. Calculate the remainder when b is divided by 7.
4
Let x(g) = g - 2. Let o be x(2). Let j = 44 + -4. Suppose 0 = 5*f - 5*q - o*q - j, -4*f + 3*q + 29 = 0. What is the remainder when 14 is divided by f?
4
Suppose 3 = -4*g + 147. Suppose -i + 4*z + 101 = 0, -3*z - z + 319 = 3*i. What is the remainder when i is divided by g?
33
What is the remainder when 25 is divided by ((-12)/(-30) - (-16)/(-5))*-5?
11
Let q be (-11)/33 + 10/3. Suppose 3*b = 7*b + 5*t - 35, -q*b = 2*t - 35. Calculate the remainder when 43 is divided by b.
13
Suppose 0 = -4*r + r + 6. Suppose 7*o + 5*x - 95 = 2*o, 2*x + 18 = r*o. Calculate the remainder when 54 is divided by o.
12
Suppose -t = t - 8. Let x be (-26)/(-6) - (-4)/(-12). Suppose 25 = x*g + g - f, f - 20 = -t*g. Calculate the remainder when 9 is divided by g.
4
Let c be 10/((1 + -2)/1). What is the remainder when 35 is divided by (-6)/(-15) + (-176)/c?
17
Let n(c) = -c**3 + 7*c**2 - 4*c + 7. Let d be n(8). Let w be d/(-5) - (-5)/25. Let o = w - 3. Calculate the remainder when 42 is divided by o.
12
Let b(o) = o**3 + 0 + 2*o + 3 + 5*o**2 - 2 - o**2. Let g be b(-3). Suppose -g*x + 168 = 2*l, -x = 2*l - 51 + 3. What is the remainder when x is divided by 21?
19
Let u = -46 + 49. Let p(z) = z**3 - z**2 - 2*z + 4. Let g be p(3). Suppose 5*q - 24 = -4*j, -q + g = 2*q + 4*j. What is the remainder when q is divided by u?
1
Let q(x) = -6*x + 39. What is the remainder when q(-12) is divided by 30?
21
Let a(u) = -4*u + 2. What is the remainder when a(-8) is divided by 19?
15
Let i(r) = -r**2 - 6*r - 2. Suppose 3*n + 15 = -0*n. Calculate the remainder when 10 is divided by i(n).
1
Calculate the remainder when 13 is divided by (-2 + 0)/(1/(-2)).
1
Suppose 0*p - 585 = 5*x - 3*p, 3*x + 3*p = -375. Let j = x + 200. Suppose -5*b + 32 = -3*v + j, 4*b = 4*v - 64. What is the remainder when 31 is divided by v?
15
What is the remainder when 62 is divided by ((-30)/50)/((-1)/20) + 4?
14
Let c = 206 - 102. What is the remainder when c is divided by 21?
20
Let r be (-1 + 1)*1/(-2). Suppose -3*v - 2*v - w + 720 = r, 0 = w. Let o = v + -95. Calculate the remainder when o is divided by 17.
15
Let i(w) = -8*w**3 - 2*w - 2. Calculate the remainder when i(-1) is divided by 5.
3
Suppose 3*n = 2*n + 13. Calculate the remainder when n is divided by 8.
5
Suppose 3*r - 5*f - 1 = -f, -r + 9 = 3*f. Calculate the remainder when r is divided by 3.
0
Let y(z) = -33*z - 3. Calculate the remainder when y(-4) is di